the units digit of (8/(-2))/(a/(-4))?
6
Suppose 0 = 3*n - 6 - 0. Suppose -2*b = -4*b - 2*i + 24, n*b - i - 18 = 0. What is the units digit of b?
0
Suppose 0 = -4*l - 7*w + 2*w + 2906, -2*w + 725 = l. What is the hundreds digit of l?
7
Let n = -15 + 26. Let k = n - 9. Let a = k - -7. What is the units digit of a?
9
Let x = -529 - -658. What is the hundreds digit of x?
1
Suppose -36*m + 22592 = -32*m. What is the tens digit of m/208 - (-2)/(-13)?
2
Let v = 57 + 465. What is the hundreds digit of v?
5
Let h = 15 - -161. Suppose 5*m + 22 = x, 6*x = x + 3*m + h. What is the units digit of x?
7
Let n = -290 - -500. Let g be (n/(-20))/(1/(-2)). Let h = g - 10. What is the tens digit of h?
1
Let x = -43 + 31. Let w be (-60)/24*x/5. What is the units digit of (-8)/6*-8*w?
4
Let h(o) = 5 - 2 - 1 - 5*o - 4. What is the units digit of h(-1)?
3
Let l(v) = 15*v**2 - v. Let y be l(-1). Let f(s) = 3*s + y + 3*s - 16. What is the units digit of f(5)?
0
Let g = -386 + 1477. What is the units digit of g?
1
Let q = -1086 + 1466. What is the tens digit of q?
8
Let u = 56 - 45. Let i(t) = -t**3 + 15*t**2 - 20*t - 2. What is the hundreds digit of i(u)?
2
Let i(c) = -200*c - 40. What is the tens digit of i(-3)?
6
Let b(n) = 17*n**2 - 34*n + 12. Let l be b(6). Suppose 185*z + l = 191*z. What is the tens digit of z?
7
Let r(o) = -58*o + 19. Let n be 6*3/(-6)*(-4)/(-6). What is the units digit of r(n)?
5
Let c be 5*(3 + -2 - 2). Let d be -2*2 + (c - -4). Let h(v) = v**3 + 7*v**2 + 4*v. What is the units digit of h(d)?
0
Let m be (-6)/(-8) - 24/32. Suppose 2*s = 3*h - 54, -2*h + m*h - 3*s = -49. What is the tens digit of h?
2
What is the hundreds digit of ((-4)/(14/10633*7))/(-2)?
2
What is the units digit of (-4*(-16866)/48)/(3/4)?
4
Suppose -4*d = -16 - 0. Let l(z) = z**3 + 6*z**2 - 2*z - 8. Let m be l(-6). Suppose -c + 0*c + 18 = 2*q, 84 = d*c - m*q. What is the units digit of c?
0
Suppose 2*l + 2*r = 116, -3*l - 2*r + 279 - 101 = 0. What is the tens digit of l?
6
Let k = 105 - -3. Suppose g - k = -3*g. Let t = -1 + g. What is the tens digit of t?
2
What is the hundreds digit of 3 - (-11 - 999/3)?
3
Let p(y) = 95*y + 345. What is the hundreds digit of p(11)?
3
Let h(r) = -3*r**3 + 2*r**2 - 9*r + 2. What is the tens digit of h(-5)?
7
Let a(t) = -7*t + 9. Let j be a(7). Let s be j/(-30) - 4/(-6). Suppose -32 = -5*h + 3*p - 12, h - s = p. What is the units digit of h?
7
Suppose 0 = -4*u - 16, 0 = -7*j + 3*j + 4*u + 24. Suppose -4*n - 52 = -4*y, y + 0 = 4*n - j. What is the units digit of y?
8
Let p = -35 + 11. Let h = p - -18. Let n(i) = i**3 + 7*i**2 + 2*i - 2. What is the units digit of n(h)?
2
Suppose 12 + 36 = 4*d. Suppose k + 4*k - 5 = -5*z, 0 = -4*k - z + 1. What is the units digit of d + -1*(1 - k)?
1
What is the units digit of 27*1/(4/12)?
1
Let n be (4/(-12))/((-1)/6). Let u(v) = 2 + 7*v - 10*v**2 + 6 - n*v - 4 + v**3. What is the tens digit of u(10)?
5
Let k be ((-425)/(-25))/((-2)/4). Let s = 12 + 6. Let p = s - k. What is the units digit of p?
2
Let g(m) = -m**3 - 8*m**2 - 8*m + 7. Let c be g(-6). Let j = 19 - c. Let x = -11 + j. What is the units digit of x?
5
Let m(c) be the first derivative of -c**3/3 + 11*c**2/2 + 6*c + 2. What is the units digit of m(8)?
0
Let f be (1 + -2 - -3) + -2. Let c(n) be the first derivative of -n**3/3 + 10*n - 9. What is the tens digit of c(f)?
1
Let v(n) = -n**2 + 20*n + 1. Let o(i) = 4*i - 5 + 1 + 3*i + 0*i. Let x be o(3). What is the units digit of v(x)?
2
Let p be (-6)/(-4) + 27/(-6). Let s(c) = c**3 + 5*c**2 - 3. Let z be s(p). Suppose 9*f - 4*f - z = 0. What is the units digit of f?
3
Suppose -5*d + 8 = n, -10 = -d + 5*n + 2. Let g = -14 + d. Let k = 0 - g. What is the tens digit of k?
1
Suppose 0 = -s - 4 - 6. Let u(j) = -j**3 - 10*j**2 - 4. Let y be u(s). Let t(k) = -k**3 - 3*k**2 - 5*k. What is the units digit of t(y)?
6
Let j be 5436/8 - (-2)/4. Suppose 0 = 11*l - 1003 - j. What is the tens digit of l?
5
Let z(q) = 106*q**2 - 4*q - 2. What is the hundreds digit of z(2)?
4
What is the tens digit of (-4)/(-20)*(-7)/((-14)/5870)?
8
Suppose a - 3*o - 204 = 0, 0*a - 3*a + 605 = -2*o. Let b = -121 + a. What is the units digit of b?
0
Let h(y) = -3*y**2 - 8*y - 16. Let r(m) = -4*m**2 - 12*m - 24. Let k(g) = -7*h(g) + 5*r(g). Let j be k(-4). Let n = 58 - j. What is the units digit of n?
4
Let g = -615 + 796. What is the units digit of g?
1
What is the hundreds digit of (-16)/120 - (-8717)/15?
5
Suppose 6*w - 40292 = -8*w. What is the units digit of w?
8
Let l(x) = 3*x**2 + x + 1. Let p be l(1). Suppose -p*h = -o - 4*o - 880, h - 3*o - 180 = 0. What is the tens digit of h?
7
Suppose 3 = 3*o + 3*d, 3*o + 0*o - 2*d = 13. Let g(p) = 2*p**3 + 2790 - 2793 - 2*p**2 + 0*p - 2*p. What is the units digit of g(o)?
7
Let q(l) = -876*l + 205. What is the thousands digit of q(-3)?
2
Let b(x) = -9*x - 6. Let n be b(-5). Let c = 184 - n. What is the tens digit of c?
4
Let o be (-1)/(-4) + 15/4. Let l(n) = -n**2 + 3*n + 4. Let s be l(o). Suppose -2*j + 45 = -m + 2*m, j - m - 30 = s. What is the units digit of j?
5
Suppose -u + 0 = 3. Let v be (u/(-2))/((-9)/(-6)). Suppose 0 = 3*x + 3*s - 189, -4*s = -x + 49 - v. What is the units digit of x?
0
Let l(f) = -16*f**2 + 59*f - 59. Let r(n) = 3*n**2 - 12*n + 12. Let i(y) = -2*l(y) - 11*r(y). What is the tens digit of i(11)?
1
Let y(w) = 5*w**2 + 38*w + 6. What is the tens digit of y(6)?
1
Let b be 64/(-20) + (-2)/(-10). Let i be (906/9)/(2/b). Let f = -108 - i. What is the tens digit of f?
4
Let n be -2 + (-2 - (-4 + 1)). Let k(j) be the third derivative of -17*j**6/120 + j**5/60 + j**4/12 + j**3/6 - 12*j**2. What is the tens digit of k(n)?
1
Let m(q) = -15*q - 2. Suppose 0 = 2*f + 2*o + 2, 3*o - 8 = 2*f + 2*o. Let k(h) = -14*h - 3. Let p(l) = f*k(l) + 2*m(l). What is the tens digit of p(4)?
5
Suppose -20 = -0*p - 4*p. Suppose 147 = 2*n + p*d, 0 = -0*n - n - 5*d + 86. Let f = -30 + n. What is the units digit of f?
1
Suppose 0 = 4*c + t - 1449, -c + 4*t + 37 = -304. Let l = c + -205. Suppose -3*k + 98 = -5*i, 3*i + l + 18 = 5*k. What is the units digit of k?
6
What is the hundreds digit of 5/3*(-558)/45*-12?
2
Let w = -34 - -34. Let m(f) = 2*f**2 + 4*f + 4. Let a(h) = 3*h**2 + 5*h + 3. Let o(x) = -3*a(x) + 4*m(x). What is the units digit of o(w)?
7
Let q = 16 - 13. Suppose 0*v = -v + q. Suppose v*n - 2*w - 26 = 0, -5*n + 5*w + 48 = 4*w. What is the units digit of n?
0
Let c(x) = -17*x**2 + 8*x - 15. Let a be c(3). Let t = a - -276. What is the hundreds digit of t?
1
Suppose -3*h + 2 = -3*s + 5, -h + 2*s = 6. Let m be ((-8)/(-4) - 6) + h. Let q = m - -11. What is the tens digit of q?
1
Let r(n) = -17*n - 12*n + 27*n - 1. Let z(t) = 2*t**3 - 1. Let v be z(-1). What is the units digit of r(v)?
5
Suppose -5 = -5*p, -u + 5*p = 10 - 4. Let q(f) = -103*f**3 + f**2 - 2*f - 3. What is the hundreds digit of q(u)?
1
Let n be -1 + (0 - 40/2). Suppose 3*y + 18*t - 128 = 16*t, -6*y - 2*t = -260. Let q = y + n. What is the tens digit of q?
2
Suppose 0 = -30*a + 28*a - 4*y + 2206, a = 5*y + 1131. What is the units digit of a?
1
Let y = 41 - -78. Let n = 299 - y. What is the units digit of n?
0
Let n(a) be the third derivative of -a**4/4 - 2*a**3 + 30*a**2. What is the units digit of n(-5)?
8
Let y be -39*((-8)/(-6))/(-2). Let t = y + -19. What is the units digit of t?
7
Let w(h) = -2248*h - 10. What is the thousands digit of w(-1)?
2
What is the units digit of (-1)/4 - 7/28*-893?
3
Let u be (-9)/(-6)*(-4)/(-6)*-1. What is the tens digit of ((-12)/2 - u) + 207?
0
Suppose -15144 = -734*l + 722*l. What is the hundreds digit of l?
2
Suppose -k - 899 = 3*i, 3*i = -3*k - 280 - 617. Let f = i - -421. What is the hundreds digit of f?
1
Let k(a) = -a**3 + a**2 - 2*a + 8. Let w be k(2). Suppose 3*t + 4*p = -w*p + 138, t + 5*p = 46. What is the units digit of t?
6
Let p(h) = -h**3 + h + 2. Let u be p(0). Let c(g) = 25*g**3 + g**2 + 4*g - 7. What is the hundreds digit of c(u)?
2
Let r(k) = -k**2 + k + 2. Let v be r(2). Let p = 18 - v. What is the tens digit of p?
1
Let q(g) = -3*g - 1. Let n be q(-6). Suppose -n = -4*w + 4*c - c, -3*c = 4*w - 47. Suppose -w*j + 60 = -4*j. What is the units digit of j?
5
Let b = 3239 - 2308. Suppose -5*a - b = -4*x, -214 = -x - 0*x + 5*a. What is the units digit of x?
9
Let p = -12 + 15. S